{"id":12506,"date":"2023-09-13T13:59:08","date_gmt":"2023-09-13T12:59:08","guid":{"rendered":"http:\/\/www.mancomunidaddetentudia.com\/portal\/?page_id=12506"},"modified":"2023-12-27T20:04:43","modified_gmt":"2023-12-27T19:04:43","slug":"mancomunidad","status":"publish","type":"page","link":"https:\/\/www.mancomunidaddetentudia.com\/portal\/mancomunidad\/","title":{"rendered":"SALUDA"},"content":{"rendered":"\n<p>Cuando cualquier persona se asoma a una ventana como la que ahora est\u00e1is abriendo, simboliza, de alguna manera, un inter\u00e9s por conocer, por saber, por navegar por nuestra p\u00e1gina, por introducirse en nuestras tradiciones, en nuestra gastronom\u00eda, en nuestros tesoros paisaj\u00edsticos, en nuestras fiestas populares; en definitiva, en el valor humano de nuestras gentes. Valores que determinan una forma de ser unido en esencia a una tierra con una singularidad determinada. Tierra de labranza, de rudeza y \u00e1nimo constante por prosperar y conquistar derechos. Esta, nuestra tierra, que forja en quienes la habitamos, un car\u00e1cter optimista, alegre por naturaleza,&nbsp; fuerte y tenaz por obligaci\u00f3n y amable con el visitante.<\/p>\n\n\n\n<p>Os invito a navegar por estas p\u00e1ginas que har\u00e1n, estoy segura de ello, que el inter\u00e9s que mostr\u00e1is desde vuestras casas se transforme en una visita a nuestros pueblos. Esos nueve pueblos m\u00e1s dos pedan\u00edas que componen la Mancomunidad de Tentud\u00eda.<\/p>\n\n\n\n<p>El orgullo que, para m\u00ed, como vecina de Cabeza la Vaca, localidad que es miembro de esta Mancomunidad casi desde sus inicios, supone llegar a ser en estos momentos Presidenta de esta organizaci\u00f3n gracias a la confianza de mis compa\u00f1eros y compa\u00f1eras, est\u00e1 cargado de responsabilidad, s\u00ed, pero tambi\u00e9n de mucha ilusi\u00f3n. La entidad que ahora represento simboliza el inter\u00e9s com\u00fan de casi 20.000 habitantes. Un inter\u00e9s que se canaliza a trav\u00e9s de sus responsables pol\u00edticos, de los trabajadores de la Mancomunidad y del esfuerzo y unidad de todos. Un esfuerzo colectivo que ha dado muestras de estar m\u00e1s que a la altura en situaciones dif\u00edciles y complicadas. Un esfuerzo com\u00fan que debe ser el eje de la dedicaci\u00f3n, entusiasmo y amor a nuestro entorno y, sobre todo, a nuestra gente.<\/p>\n\n\n\n<p>Mi prop\u00f3sito es escuchar antes de actuar. Comprender antes de decidir. Contar con quienes m\u00e1s saben y, sobre todo, unir en torno a esta entidad que tan bien nos viene representando desde hace ya tantos a\u00f1os, a quienes entendemos desde siempre que la uni\u00f3n hace la fuerza.<\/p>\n\n\n\n<p>Felicidad Hern\u00e1ndez S\u00e1nchez<br><em>Presidenta de la Mancomunidad de Tentud\u00eda<\/em><\/p>\n\n\n\n<figure class=\"wp-block-image size-full\"><img loading=\"lazy\" decoding=\"async\" width=\"768\" height=\"1024\" src=\"https:\/\/www.mancomunidaddetentudia.com\/portal\/wp-content\/uploads\/2023\/12\/IMG-20231226-WA0015.jpg\" alt=\"\" class=\"wp-image-12636\" srcset=\"https:\/\/www.mancomunidaddetentudia.com\/portal\/wp-content\/uploads\/2023\/12\/IMG-20231226-WA0015.jpg 768w, https:\/\/www.mancomunidaddetentudia.com\/portal\/wp-content\/uploads\/2023\/12\/IMG-20231226-WA0015-225x300.jpg 225w, https:\/\/www.mancomunidaddetentudia.com\/portal\/wp-content\/uploads\/2023\/12\/IMG-20231226-WA0015-696x928.jpg 696w, https:\/\/www.mancomunidaddetentudia.com\/portal\/wp-content\/uploads\/2023\/12\/IMG-20231226-WA0015-315x420.jpg 315w\" sizes=\"auto, (max-width: 768px) 100vw, 768px\" \/><\/figure>\n","protected":false},"excerpt":{"rendered":"<p>Cuando cualquier persona se asoma a una ventana como la que ahora est\u00e1is abriendo, simboliza, de alguna manera, un inter\u00e9s por conocer, por saber, por navegar por nuestra p\u00e1gina, por introducirse en nuestras tradiciones, en nuestra gastronom\u00eda, en nuestros tesoros paisaj\u00edsticos, en nuestras fiestas populares; en definitiva, en el valor humano de nuestras gentes. Valores [&hellip;]<\/p>\n","protected":false},"author":23,"featured_media":0,"parent":0,"menu_order":0,"comment_status":"closed","ping_status":"closed","template":"","meta":{"footnotes":""},"class_list":["post-12506","page","type-page","status-publish"],"_links":{"self":[{"href":"https:\/\/www.mancomunidaddetentudia.com\/portal\/wp-json\/wp\/v2\/pages\/12506","targetHints":{"allow":["GET"]}}],"collection":[{"href":"https:\/\/www.mancomunidaddetentudia.com\/portal\/wp-json\/wp\/v2\/pages"}],"about":[{"href":"https:\/\/www.mancomunidaddetentudia.com\/portal\/wp-json\/wp\/v2\/types\/page"}],"author":[{"embeddable":true,"href":"https:\/\/www.mancomunidaddetentudia.com\/portal\/wp-json\/wp\/v2\/users\/23"}],"replies":[{"embeddable":true,"href":"https:\/\/www.mancomunidaddetentudia.com\/portal\/wp-json\/wp\/v2\/comments?post=12506"}],"version-history":[{"count":4,"href":"https:\/\/www.mancomunidaddetentudia.com\/portal\/wp-json\/wp\/v2\/pages\/12506\/revisions"}],"predecessor-version":[{"id":12637,"href":"https:\/\/www.mancomunidaddetentudia.com\/portal\/wp-json\/wp\/v2\/pages\/12506\/revisions\/12637"}],"wp:attachment":[{"href":"https:\/\/www.mancomunidaddetentudia.com\/portal\/wp-json\/wp\/v2\/media?parent=12506"}],"curies":[{"name":"wp","href":"https:\/\/api.w.org\/{rel}","templated":true}]}}

<p>Cuando cualquier persona se asoma a una ventana como la que ahora estáis abriendo, simboliza, de alguna manera, un interés por conocer, por saber, por navegar por nuestra página, por introducirse en nuestras tradiciones, en nuestra gastronomía, en nuestros tesoros paisajísticos, en nuestras fiestas populares; en definitiva, en el valor humano de nuestras gentes. Valores que determinan una forma de ser unido en esencia a una tierra con una singularidad determinada. Tierra de labranza, de rudeza y ánimo constante por prosperar y conquistar derechos. Esta, nuestra tierra, que forja en quienes la habitamos, un carácter optimista, alegre por naturaleza,&nbsp; fuerte y tenaz por obligación y amable con el visitante.</p>



<p>Os invito a navegar por estas páginas que harán, estoy segura de ello, que el interés que mostráis desde vuestras casas se transforme en una visita a nuestros pueblos. Esos nueve pueblos más dos pedanías que componen la Mancomunidad de Tentudía.</p>



<p>El orgullo que, para mí, como vecina de Cabeza la Vaca, localidad que es miembro de esta Mancomunidad casi desde sus inicios, supone llegar a ser en estos momentos Presidenta de esta organización gracias a la confianza de mis compañeros y compañeras, está cargado de responsabilidad, sí, pero también de mucha ilusión. La entidad que ahora represento simboliza el interés común de casi 20.000 habitantes. Un interés que se canaliza a través de sus responsables políticos, de los trabajadores de la Mancomunidad y del esfuerzo y unidad de todos. Un esfuerzo colectivo que ha dado muestras de estar más que a la altura en situaciones difíciles y complicadas. Un esfuerzo común que debe ser el eje de la dedicación, entusiasmo y amor a nuestro entorno y, sobre todo, a nuestra gente.</p>



<p>Mi propósito es escuchar antes de actuar. Comprender antes de decidir. Contar con quienes más saben y, sobre todo, unir en torno a esta entidad que tan bien nos viene representando desde hace ya tantos años, a quienes entendemos desde siempre que la unión hace la fuerza.</p>



<p>Felicidad Hernández Sánchez<br><em>Presidenta de la Mancomunidad de Tentudía</em></p>



<figure class="wp-block-image size-full"><img loading="lazy" decoding="async" width="768" height="1024" src="https://www.mancomunidaddetentudia.com/portal/wp-content/uploads/2023/12/IMG-20231226-WA0015.jpg" alt="" class="wp-image-12636" srcset="https://www.mancomunidaddetentudia.com/portal/wp-content/uploads/2023/12/IMG-20231226-WA0015.jpg 768w, https://www.mancomunidaddetentudia.com/portal/wp-content/uploads/2023/12/IMG-20231226-WA0015-225x300.jpg 225w, https://www.mancomunidaddetentudia.com/portal/wp-content/uploads/2023/12/IMG-20231226-WA0015-696x928.jpg 696w, https://www.mancomunidaddetentudia.com/portal/wp-content/uploads/2023/12/IMG-20231226-WA0015-315x420.jpg 315w" sizes="auto, (max-width: 768px) 100vw, 768px" /></figure>

<p>Cuando cualquier persona se asoma a una ventana como la que ahora estáis abriendo, simboliza, de alguna manera, un interés por conocer, por saber, por navegar por nuestra página, por introducirse en nuestras tradiciones, en nuestra gastronomía, en nuestros tesoros paisajísticos, en nuestras fiestas populares; en definitiva, en el valor humano de nuestras gentes. Valores [&hellip;]</p>
